{"id":4846,"date":"2023-02-16T09:25:07","date_gmt":"2023-02-16T08:25:07","guid":{"rendered":"http:\/\/zspdabrowka.pl\/spdabrowka\/?page_id=4846"},"modified":"2023-02-16T09:36:33","modified_gmt":"2023-02-16T08:36:33","slug":"cyberbezpieczenstwo","status":"publish","type":"page","link":"https:\/\/zspdabrowka.pl\/spdabrowka\/cyberbezpieczenstwo\/","title":{"rendered":"Cyberbezpiecze\u0144stwo"},"content":{"rendered":"\n<h2 class=\"has-text-align-center\">Cyberbezpiecze\u0144stwo<\/h2>\n\n\n\n<p>Ze wzgl\u0119du na wym\u00f3g- art. 22 ust. 1 pkt 4 ustawy z dnia 5 lipca 2018 r. o krajowym systemie cyberbezpiecze\u0144stwa podajemy informacje umo\u017cliwiaj\u0105ce dost\u0119p do wiedzy pozwalaj\u0105cej na zrozumienie zagro\u017ce\u0144 cyberbezpiecze\u0144stwa i stosowanie skutecznych sposob\u00f3w zabezpieczania si\u0119 przed tymi zagro\u017ceniami. Podane linki przekierowuj\u0105 do serwis\u00f3w udost\u0119pniaj\u0105cych aktualny stan wiedzy na temat szeroko poj\u0119tego cyberbezpiecze\u0144stwa:<\/p>\n\n\n\n<p><a href=\"https:\/\/www.gov.pl\/web\/baza-wiedzy\/aktualnosci\">https:\/\/www.gov.pl\/web\/baza-wiedzy\/aktualnosci<\/a><\/p>\n\n\n\n<p><a href=\"https:\/\/cert.pl\/zagrozenia\/\">https:\/\/cert.pl\/zagrozenia\/<\/a><\/p>\n\n\n\n<p><a rel=\"noreferrer noopener\" href=\"https:\/\/niebezpiecznik.pl\/\" target=\"_blank\">Niebezpiecznik.pl<\/a><\/p>\n\n\n\n<p><\/p>\n","protected":false},"excerpt":{"rendered":"<p>Cyberbezpiecze\u0144stwo Ze wzgl\u0119du na wym\u00f3g- art. 22 ust. 1 pkt 4 ustawy z dnia 5 lipca 2018 r. o krajowym systemie cyberbezpiecze\u0144stwa podajemy informacje umo\u017cliwiaj\u0105ce dost\u0119p do wiedzy pozwalaj\u0105cej na zrozumienie zagro\u017ce\u0144 cyberbezpiecze\u0144stwa i stosowanie skutecznych sposob\u00f3w zabezpieczania si\u0119 przed tymi zagro\u017ceniami. Podane linki przekierowuj\u0105 do serwis\u00f3w udost\u0119pniaj\u0105cych aktualny stan [&hellip;]<\/p>\n","protected":false},"author":1,"featured_media":0,"parent":0,"menu_order":0,"comment_status":"closed","ping_status":"closed","template":"","meta":{"ngg_post_thumbnail":0},"_links":{"self":[{"href":"https:\/\/zspdabrowka.pl\/spdabrowka\/wp-json\/wp\/v2\/pages\/4846"}],"collection":[{"href":"https:\/\/zspdabrowka.pl\/spdabrowka\/wp-json\/wp\/v2\/pages"}],"about":[{"href":"https:\/\/zspdabrowka.pl\/spdabrowka\/wp-json\/wp\/v2\/types\/page"}],"author":[{"embeddable":true,"href":"https:\/\/zspdabrowka.pl\/spdabrowka\/wp-json\/wp\/v2\/users\/1"}],"replies":[{"embeddable":true,"href":"https:\/\/zspdabrowka.pl\/spdabrowka\/wp-json\/wp\/v2\/comments?post=4846"}],"version-history":[{"count":4,"href":"https:\/\/zspdabrowka.pl\/spdabrowka\/wp-json\/wp\/v2\/pages\/4846\/revisions"}],"predecessor-version":[{"id":4851,"href":"https:\/\/zspdabrowka.pl\/spdabrowka\/wp-json\/wp\/v2\/pages\/4846\/revisions\/4851"}],"wp:attachment":[{"href":"https:\/\/zspdabrowka.pl\/spdabrowka\/wp-json\/wp\/v2\/media?parent=4846"}],"curies":[{"name":"wp","href":"https:\/\/api.w.org\/{rel}","templated":true}]}}