{"id":405,"date":"2019-01-15T12:18:07","date_gmt":"2019-01-15T11:18:07","guid":{"rendered":"https:\/\/zspdabrowka.pl\/spdabrowka\/?page_id=405"},"modified":"2021-03-04T20:41:57","modified_gmt":"2021-03-04T19:41:57","slug":"cala-polska-czyta-dzieciom","status":"publish","type":"page","link":"https:\/\/zspdabrowka.pl\/spdabrowka\/cala-polska-czyta-dzieciom\/","title":{"rendered":"Ca\u0142a Polska Czyta Dzieciom"},"content":{"rendered":"\n<div class=\"wp-block-file\"><a href=\"https:\/\/zspdabrowka.pl\/spdabrowka\/wp-content\/uploads\/2021\/03\/CALA-POLSKA-MATERIAL-NA-STRONE.pdf\">Ca\u0142\u0105 Polska Czyta Dzieciom 2010-2013<\/a><a href=\"https:\/\/zspdabrowka.pl\/spdabrowka\/wp-content\/uploads\/2021\/03\/CALA-POLSKA-MATERIAL-NA-STRONE.pdf\" class=\"wp-block-file__button\" download>Pobierz<\/a><\/div>\n\n\n\n<div class=\"wp-block-file\"><a href=\"https:\/\/zspdabrowka.pl\/spdabrowka\/wp-content\/uploads\/2021\/03\/cpcd-zlota-lista.pdf\">Z\u0142ota Lista ksi\u0105\u017cek do czytania dzieciom<\/a><a href=\"https:\/\/zspdabrowka.pl\/spdabrowka\/wp-content\/uploads\/2021\/03\/cpcd-zlota-lista.pdf\" class=\"wp-block-file__button\" download>Pobierz<\/a><\/div>\n\n\n\n<p><\/p>\n","protected":false},"excerpt":{"rendered":"","protected":false},"author":1,"featured_media":0,"parent":0,"menu_order":0,"comment_status":"closed","ping_status":"closed","template":"","meta":{"ngg_post_thumbnail":0},"_links":{"self":[{"href":"https:\/\/zspdabrowka.pl\/spdabrowka\/wp-json\/wp\/v2\/pages\/405"}],"collection":[{"href":"https:\/\/zspdabrowka.pl\/spdabrowka\/wp-json\/wp\/v2\/pages"}],"about":[{"href":"https:\/\/zspdabrowka.pl\/spdabrowka\/wp-json\/wp\/v2\/types\/page"}],"author":[{"embeddable":true,"href":"https:\/\/zspdabrowka.pl\/spdabrowka\/wp-json\/wp\/v2\/users\/1"}],"replies":[{"embeddable":true,"href":"https:\/\/zspdabrowka.pl\/spdabrowka\/wp-json\/wp\/v2\/comments?post=405"}],"version-history":[{"count":3,"href":"https:\/\/zspdabrowka.pl\/spdabrowka\/wp-json\/wp\/v2\/pages\/405\/revisions"}],"predecessor-version":[{"id":3247,"href":"https:\/\/zspdabrowka.pl\/spdabrowka\/wp-json\/wp\/v2\/pages\/405\/revisions\/3247"}],"wp:attachment":[{"href":"https:\/\/zspdabrowka.pl\/spdabrowka\/wp-json\/wp\/v2\/media?parent=405"}],"curies":[{"name":"wp","href":"https:\/\/api.w.org\/{rel}","templated":true}]}}