{"id":31,"date":"2018-10-24T22:47:56","date_gmt":"2018-10-24T20:47:56","guid":{"rendered":"https:\/\/zspdabrowka.pl\/spdabrowka\/?page_id=31"},"modified":"2022-02-17T17:40:11","modified_gmt":"2022-02-17T16:40:11","slug":"biblioteka-szkolna","status":"publish","type":"page","link":"https:\/\/zspdabrowka.pl\/spdabrowka\/biblioteka-szkolna\/","title":{"rendered":"Biblioteka szkolna"},"content":{"rendered":"\n<h2 class=\"has-text-align-center\"><span style=\"color: #339966;\"><strong>BIBLIOTEKA CZYNNA:<\/strong><\/span><\/h2>\n\n\n\n<p><strong>BIBLIOTEKA ZAPRASZA:<\/strong><\/p>\n\n\n\n<p>PONIEDZIA\u0141EK &#8211;&nbsp; 11.35.-12.45.<\/p>\n\n\n\n<p>WTOREK&nbsp;&nbsp;&nbsp;&nbsp;&nbsp;&nbsp;&nbsp;&nbsp;&nbsp;&nbsp; &#8211;&nbsp; 10.40.-13.30.<\/p>\n\n\n\n<p>\u015aRODA&nbsp;&nbsp;&nbsp;&nbsp;&nbsp;&nbsp;&nbsp;&nbsp;&nbsp;&nbsp;&nbsp;&nbsp;&nbsp;&nbsp; &#8211; 8.55.-11.45.<\/p>\n\n\n\n<p>CZWARTEK&nbsp;&nbsp;&nbsp;&nbsp;&nbsp;&nbsp;&nbsp; &#8211; &nbsp;10.35.-12.35.<\/p>\n\n\n\n<p>PI\u0104TEK&nbsp;&nbsp;&nbsp;&nbsp;&nbsp;&nbsp;&nbsp;&nbsp;&nbsp;&nbsp;&nbsp;&nbsp;&nbsp;&nbsp; &#8211; 8.50.-10.00.<\/p>\n\n\n\n<p><a href=\"http:\/\/zspdabrowka.pl\/spdabrowka\/wp-content\/uploads\/2020\/09\/BIBLIOTEKA-ZAPRASZA.docx\">BIBLIOTEKA ZAPRASZA<\/a><\/p>\n\n\n\n<p><a href=\"http:\/\/zspdabrowka.pl\/spdabrowka\/wp-content\/uploads\/2020\/09\/REGULAMIN-PRACY-BIBLIOTEKI-SZKOLNEJ-W-CZASIE-EPIDEMII-COVID.docx\">REGULAMIN PRACY BIBLIOTEKI SZKOLNEJ W CZASIE EPIDEMII COVID<\/a><\/p>\n\n\n\n<p><a href=\"http:\/\/zspdabrowka.pl\/spdabrowka\/wp-content\/uploads\/2020\/09\/REGULAMIN-WYPO\u017bYCZANIA-PODR\u0118CZNIK\u00d3W.docx\">REGULAMIN WYPO\u017bYCZANIA PODR\u0118CZNIK\u00d3W<\/a><\/p>\n","protected":false},"excerpt":{"rendered":"<p>BIBLIOTEKA CZYNNA: BIBLIOTEKA ZAPRASZA: PONIEDZIA\u0141EK &#8211;&nbsp; 11.35.-12.45. WTOREK&nbsp;&nbsp;&nbsp;&nbsp;&nbsp;&nbsp;&nbsp;&nbsp;&nbsp;&nbsp; &#8211;&nbsp; 10.40.-13.30. \u015aRODA&nbsp;&nbsp;&nbsp;&nbsp;&nbsp;&nbsp;&nbsp;&nbsp;&nbsp;&nbsp;&nbsp;&nbsp;&nbsp;&nbsp; &#8211; 8.55.-11.45. CZWARTEK&nbsp;&nbsp;&nbsp;&nbsp;&nbsp;&nbsp;&nbsp; &#8211; &nbsp;10.35.-12.35. PI\u0104TEK&nbsp;&nbsp;&nbsp;&nbsp;&nbsp;&nbsp;&nbsp;&nbsp;&nbsp;&nbsp;&nbsp;&nbsp;&nbsp;&nbsp; &#8211; 8.50.-10.00. BIBLIOTEKA ZAPRASZA REGULAMIN PRACY BIBLIOTEKI SZKOLNEJ W CZASIE EPIDEMII COVID REGULAMIN WYPO\u017bYCZANIA PODR\u0118CZNIK\u00d3W<\/p>\n","protected":false},"author":1,"featured_media":0,"parent":0,"menu_order":0,"comment_status":"closed","ping_status":"closed","template":"","meta":{"ngg_post_thumbnail":0},"_links":{"self":[{"href":"https:\/\/zspdabrowka.pl\/spdabrowka\/wp-json\/wp\/v2\/pages\/31"}],"collection":[{"href":"https:\/\/zspdabrowka.pl\/spdabrowka\/wp-json\/wp\/v2\/pages"}],"about":[{"href":"https:\/\/zspdabrowka.pl\/spdabrowka\/wp-json\/wp\/v2\/types\/page"}],"author":[{"embeddable":true,"href":"https:\/\/zspdabrowka.pl\/spdabrowka\/wp-json\/wp\/v2\/users\/1"}],"replies":[{"embeddable":true,"href":"https:\/\/zspdabrowka.pl\/spdabrowka\/wp-json\/wp\/v2\/comments?post=31"}],"version-history":[{"count":9,"href":"https:\/\/zspdabrowka.pl\/spdabrowka\/wp-json\/wp\/v2\/pages\/31\/revisions"}],"predecessor-version":[{"id":3883,"href":"https:\/\/zspdabrowka.pl\/spdabrowka\/wp-json\/wp\/v2\/pages\/31\/revisions\/3883"}],"wp:attachment":[{"href":"https:\/\/zspdabrowka.pl\/spdabrowka\/wp-json\/wp\/v2\/media?parent=31"}],"curies":[{"name":"wp","href":"https:\/\/api.w.org\/{rel}","templated":true}]}}