{"id":30,"date":"2018-10-24T22:47:56","date_gmt":"2018-10-24T20:47:56","guid":{"rendered":"https:\/\/zspdabrowka.pl\/spdabrowka\/?page_id=30"},"modified":"2024-12-16T11:28:29","modified_gmt":"2024-12-16T10:28:29","slug":"dyzury-nauczycieli","status":"publish","type":"page","link":"https:\/\/zspdabrowka.pl\/spdabrowka\/dyzury-nauczycieli\/","title":{"rendered":"Dy\u017cury nauczycieli"},"content":{"rendered":"\n<p><strong>Godziny dyspozycyjno\u015bci nauczycieli &nbsp;w roku szkolnym 2024\/2025<\/strong><\/p>\n\n\n\n<figure class=\"wp-block-table\"><table><tbody><tr><td>&nbsp;<\/td><td><strong>Nauczyciel<\/strong><strong><\/strong><\/td><td><strong>Termin konsultacji<\/strong><strong><\/strong><\/td><\/tr><tr><td>1<\/td><td>Adamczyk Katarzyna<\/td><td>Wtorek 7.45 &#8211; 8.45<\/td><\/tr><tr><td>2<\/td><td>Baniak Wiktoria<\/td><td>Wtorek 9.30 &#8211; 10.00 Bratucice Wtorek 12.00 &#8211; 12.30 D\u0105br\u00f3wka<\/td><\/tr><tr><td>3<\/td><td>Barwacz Katarzyna<\/td><td>\u015aroda 12.30 &#8211; 13.30<\/td><\/tr><tr><td>4<\/td><td>Filipak Jolanta<\/td><td>Wtorek 9.40-10.40<\/td><\/tr><tr><td>5<\/td><td>Janik Bogus\u0142awa<\/td><td>Poniedzia\u0142ek 12.30 &#8211; 13.30<\/td><\/tr><tr><td>6<\/td><td>Janik Zbigniew<\/td><td>Pi\u0105tek 7.30 &#8211; 8.00<\/td><\/tr><tr><td>7<\/td><td>J\u0119drczak Beata<\/td><td>Pi\u0105tek 13.40 &#8211; 14.40<\/td><\/tr><tr><td>8<\/td><td>Kl\u0119sk Krystyna<\/td><td>\u015aroda 11.00 &#8211; 11.30<\/td><\/tr><tr><td>9<\/td><td>Kmiecik Agata<\/td><td>Pi\u0105tek 10.40 &#8211; 11.40<\/td><\/tr><tr><td>10<\/td><td>Kmiecik Anna<\/td><td>\u015aroda 12.30 &#8211; 13.30<\/td><\/tr><tr><td>11<\/td><td>Kosi\u0144ska Maria<\/td><td>Czwartek 12.30 &#8211; 13.30<\/td><\/tr><tr><td>12<\/td><td>Ku\u0142ak Aneta<\/td><td>Poniedzia\u0142ek 14.00 &#8211; 15.00<\/td><\/tr><tr><td>13<\/td><td>Lis Barbara<\/td><td>Pi\u0105tek 9.40 &#8211; 10.40<\/td><\/tr><tr><td>14<\/td><td>Lis -B\u0142\u0105ka\u0142a Kamila<\/td><td>\u015aroda 9.40 &#8211; 10.10<\/td><\/tr><tr><td>15<\/td><td>Magiera &#8211; Kania Gabriela<\/td><td>\u015aroda 11.00 &#8211; 12.00<\/td><\/tr><tr><td>16<\/td><td>Marks Magdalena<\/td><td>Poniedzia\u0142ek 11.30 &#8211; 12.00 Pi\u0105tek 12.30 &#8211; 13.00<\/td><\/tr><tr><td>17<\/td><td>Michajlak Urszula<\/td><td>\u015broda 11.30 &#8211; 12.30<\/td><\/tr><tr><td>18<\/td><td>Mikulska Sabina<\/td><td>Poniedzia\u0142ek 10.00 -11.00<\/td><\/tr><tr><td>19<\/td><td>Ochel-Bia\u0142ek Kinga<\/td><td>Pi\u0105tek 12.30 &#8211; 13.30<\/td><\/tr><tr><td>20<\/td><td>Pieprzyk-\u0141opata Beata<\/td><td>Poniedzia\u0142ek 8.35 &#8211; 9.35<\/td><\/tr><tr><td>21<\/td><td>Polowiec Anna<\/td><td>Poniedzia\u0142ek 15.00 &#8211; 15.30 Czwartek 10.00 &#8211; 10.30<\/td><\/tr><tr><td>22<\/td><td>P\u00f3\u0142torak Rafa\u0142<\/td><td>Poniedzia\u0142ek 14.25 &#8211; 15.25<\/td><\/tr><tr><td>23<\/td><td>Rogowska Anna<\/td><td>Czwartek 11.30 &#8211; 12.30<\/td><\/tr><tr><td>24<\/td><td>Rudnik Klaudia<\/td><td>Pi\u0105tek 11.30 &#8211; 12.30<\/td><\/tr><tr><td>25<\/td><td>Sadowska Karolina<\/td><td>Czwartek 10.30 &#8211; 11.30<\/td><\/tr><tr><td>26<\/td><td>Seremak Lucyna<\/td><td>Poniedzia\u0142ek 15.00 &#8211; 15.30 Czwartek 13.00 &#8211; 13.30<\/td><\/tr><tr><td>27<\/td><td>Staszczyk Ma\u0142gorzata<\/td><td>Poniedzia\u0142ek 9.30 &#8211; 10.00<\/td><\/tr><tr><td>28<\/td><td>Struzik-Wn\u0119k Marzena<\/td><td>\u015aroda 15.00 &#8211; 16.00<\/td><\/tr><tr><td>29<\/td><td>Synowiec Dorota<\/td><td>Czwartek 11.30 &#8211; 12.00 Pi\u0105tek 11.45 &#8211; 12.15<\/td><\/tr><tr><td>30<\/td><td>Trzaska Jadwiga<\/td><td>Czwartek 12.30 &#8211; 13.30<\/td><\/tr><tr><td>31<\/td><td>Wn\u0119k Wojciech<\/td><td>\u015aroda 11.30-12.30<\/td><\/tr><tr><td>32<\/td><td>Wojciechowska Agnieszka<\/td><td>Czwartek 12.00 &#8211; 13.00<\/td><\/tr><tr><td>33<\/td><td>Wojcieszak Mateusz<\/td><td>Pi\u0105tek 9.20 &#8211; 10.20<\/td><\/tr><\/tbody><\/table><\/figure>\n","protected":false},"excerpt":{"rendered":"<p>Godziny dyspozycyjno\u015bci nauczycieli &nbsp;w roku szkolnym 2024\/2025 &nbsp; Nauczyciel Termin konsultacji 1 Adamczyk Katarzyna Wtorek 7.45 &#8211; 8.45 2 Baniak Wiktoria Wtorek 9.30 &#8211; 10.00 Bratucice Wtorek 12.00 &#8211; 12.30 D\u0105br\u00f3wka 3 Barwacz Katarzyna \u015aroda 12.30 &#8211; 13.30 4 Filipak Jolanta Wtorek 9.40-10.40 5 Janik Bogus\u0142awa Poniedzia\u0142ek 12.30 &#8211; 13.30 [&hellip;]<\/p>\n","protected":false},"author":1,"featured_media":6310,"parent":0,"menu_order":0,"comment_status":"closed","ping_status":"closed","template":"","meta":{"ngg_post_thumbnail":0},"_links":{"self":[{"href":"https:\/\/zspdabrowka.pl\/spdabrowka\/wp-json\/wp\/v2\/pages\/30"}],"collection":[{"href":"https:\/\/zspdabrowka.pl\/spdabrowka\/wp-json\/wp\/v2\/pages"}],"about":[{"href":"https:\/\/zspdabrowka.pl\/spdabrowka\/wp-json\/wp\/v2\/types\/page"}],"author":[{"embeddable":true,"href":"https:\/\/zspdabrowka.pl\/spdabrowka\/wp-json\/wp\/v2\/users\/1"}],"replies":[{"embeddable":true,"href":"https:\/\/zspdabrowka.pl\/spdabrowka\/wp-json\/wp\/v2\/comments?post=30"}],"version-history":[{"count":26,"href":"https:\/\/zspdabrowka.pl\/spdabrowka\/wp-json\/wp\/v2\/pages\/30\/revisions"}],"predecessor-version":[{"id":6332,"href":"https:\/\/zspdabrowka.pl\/spdabrowka\/wp-json\/wp\/v2\/pages\/30\/revisions\/6332"}],"wp:featuredmedia":[{"embeddable":true,"href":"https:\/\/zspdabrowka.pl\/spdabrowka\/wp-json\/wp\/v2\/media\/6310"}],"wp:attachment":[{"href":"https:\/\/zspdabrowka.pl\/spdabrowka\/wp-json\/wp\/v2\/media?parent=30"}],"curies":[{"name":"wp","href":"https:\/\/api.w.org\/{rel}","templated":true}]}}