{"id":25,"date":"2018-10-24T22:47:55","date_gmt":"2018-10-24T20:47:55","guid":{"rendered":"https:\/\/zspdabrowka.pl\/spdabrowka\/?page_id=25"},"modified":"2018-12-13T21:52:04","modified_gmt":"2018-12-13T20:52:04","slug":"patron","status":"publish","type":"page","link":"https:\/\/zspdabrowka.pl\/spdabrowka\/patron\/","title":{"rendered":"Patron szko\u0142y"},"content":{"rendered":"<p style=\"text-align: right;\"><strong><em>\u201eWszystko, co nas spotyka \u2013 zdrowie czy cierpienie,<br \/>\n<\/em><em>dobro czy z\u0142o, chleb czy g\u0142\u00f3d, przyja\u017a\u0144 ludzka czy niech\u0119\u0107,<br \/>\ndobrobyt czy niedostatek \u2013 wszystko to w r\u0119ku Boga mo\u017ce dzia\u0142a\u0107 ku dobremu.\u201d<\/em><\/strong><\/p>\n<p style=\"text-align: right;\"><em>\/Prymas kard. Stefan Wyszy\u0144ski\/<\/em><\/p>\n<p>&nbsp;<\/p>\n<p><img loading=\"lazy\" class=\" wp-image-131 aligncenter\" src=\"http:\/\/zspdabrowka.pl\/spdabrowka\/wp-content\/uploads\/2018\/11\/Stefan_Kardyna\u0142_Wyszy\u0144ski_i_autor_portretu_Zbigniew_Koty\u0142\u0142o_Aula_KUL-e1520425246842-842x402-300x143.jpg\" alt=\"\" width=\"581\" height=\"277\" srcset=\"https:\/\/zspdabrowka.pl\/spdabrowka\/wp-content\/uploads\/2018\/11\/Stefan_Kardyna\u0142_Wyszy\u0144ski_i_autor_portretu_Zbigniew_Koty\u0142\u0142o_Aula_KUL-e1520425246842-842x402-300x143.jpg 300w, https:\/\/zspdabrowka.pl\/spdabrowka\/wp-content\/uploads\/2018\/11\/Stefan_Kardyna\u0142_Wyszy\u0144ski_i_autor_portretu_Zbigniew_Koty\u0142\u0142o_Aula_KUL-e1520425246842-842x402-768x367.jpg 768w, https:\/\/zspdabrowka.pl\/spdabrowka\/wp-content\/uploads\/2018\/11\/Stefan_Kardyna\u0142_Wyszy\u0144ski_i_autor_portretu_Zbigniew_Koty\u0142\u0142o_Aula_KUL-e1520425246842-842x402-360x172.jpg 360w, https:\/\/zspdabrowka.pl\/spdabrowka\/wp-content\/uploads\/2018\/11\/Stefan_Kardyna\u0142_Wyszy\u0144ski_i_autor_portretu_Zbigniew_Koty\u0142\u0142o_Aula_KUL-e1520425246842-842x402.jpg 842w\" sizes=\"(max-width: 581px) 100vw, 581px\" \/><\/p>\n<p>&nbsp;<\/p>\n<p style=\"text-align: justify;\"><strong>Stefan Wyszy\u0144ski<\/strong>, S\u0142uga Bo\u017cy urodzi\u0142 si\u0119 3 sierpnia 1901 r. w Zuzeli nad Bugiem, na pograniczu Mazowsza i Podlasia. Od 1920 r. kszta\u0142ci\u0142 si\u0119 w Wy\u017cszym Seminarium Duchownym we W\u0142oc\u0142awku. 3 sierpnia 1924 r. z r\u0105k bp Wojciecha Owczarka przyj\u0105\u0142 \u015bwi\u0119cenia kap\u0142a\u0144skie. W latach 1925 \u2013 1929 kontynuowa\u0142 nauk\u0119 na Wydziale Prawa Kanonicznego, a tak\u017ce Wydziale Prawa i Nauk Spo\u0142eczno \u2013 Ekonomicznych KUL. W 1929 r. uzyska\u0142 doktorat na podstawie rozprawy Prawa rodziny, Ko\u015bcio\u0142a i pa\u0144stwa do szko\u0142y. Rok p\u00f3\u017aniej zosta\u0142 profesorem prawa kanonicznego i socjologii w Wy\u017cszym Seminarium Duchownym we W\u0142oc\u0142awku. Dzia\u0142a\u0142 te\u017c w redakcji \u201eAteneum Kap\u0142a\u0144skiego\u201d (od 1932 r. pe\u0142ni\u0142 funkcj\u0119 redaktora naczelnego), a tak\u017ce na Uniwersytecie Robotniczym.<br \/>\nPo kampanii wrze\u015bniowej musia\u0142 ukrywa\u0107 si\u0119 przed gestapo (przed wojn\u0105 w swoich publikacjach zdecydowanie przeciwstawia\u0142 si\u0119 nazizmowi). Podczas Powstania Warszawskiego by\u0142 kapelanem zgrupowania AK \u201eKampinos\u201d. Po zako\u0144czeniu wojny powr\u00f3ci\u0142 do W\u0142oc\u0142awka, gdzie zaanga\u017cowa\u0142 si\u0119 w prace nad ponownym otwarciem seminarium. Jeszcze w 1945 r. zosta\u0142 jego rektorem, a tak\u017ce redaktorem czasopisma \u201e\u0141ad Bo\u017cy\u201d. W 1946 r. papie\u017c Pius XII mianowa\u0142 go biskupem ordynariuszem diecezji lubelskiej. Sakr\u0119 biskupi\u0105 przyj\u0105\u0142 na Jasnej G\u00f3rze 12 maja 1946 r., z r\u0105k prymasa Augusta Hlonda. Jako dewiz\u0119 przyj\u0105\u0142 has\u0142o Soli Deo (Jedynemu Bogu). Dwa lata p\u00f3\u017aniej, po \u015bmierci kardyna\u0142a Hlonda, zosta\u0142 podniesiony do godno\u015bci arcybiskupa metropolity warszawsko \u2013 gnie\u017anie\u0144skiego, prymasa Polski, a 12 stycznia 1953 r. otrzyma\u0142 kapelusz kardynalski (kt\u00f3rego nie m\u00f3g\u0142 odebra\u0107 osobi\u015bcie, gdy\u017c w\u0142adze komunistyczne odm\u00f3wi\u0142y mu wydania paszportu).<\/p>\n<p style=\"text-align: justify;\">14 lutego 1950 r. prymas Wyszy\u0144ski, jako g\u0142owa polskiego Ko\u015bcio\u0142a zawar\u0142 porozumienie z w\u0142adzami PRL. W zamian za pot\u0119pienie wci\u0105\u017c walcz\u0105cych oddzia\u0142\u00f3w partyzanckich oraz uznanie nowej granicy zachodniej uzyska\u0142 zgod\u0119 na nauk\u0119 religii w szko\u0142ach i dzia\u0142alno\u015b\u0107 KUL. Ugoda trwa\u0142a kr\u00f3tko. Ju\u017c 25 wrze\u015bnia 1953 r. prymas zosta\u0142 aresztowany. Do jesieni 1956 r. przebywa\u0142 w kolejnych miejscach odosobnienia: Rywa\u0142dzie Kr\u00f3lewskim (do 12 pa\u017adziernika 1953 r.), Stoczku Warmi\u0144skim (do 6 pa\u017adziernika 1954 r.), Prudniku \u015al\u0105skim (do 26 pa\u017adziernika 1955 r.) oraz Koma\u0144czy (do 28 pa\u017adziernika 1956 r.). Podczas pobytu prymasa w Koma\u0144czy powsta\u0142 tekst Jasnog\u00f3rskich \u015alub\u00f3w Narodu Polskiego, pomy\u015blanych jako odnowienie \u015blub\u00f3w lwowskich Jana Kazimierza z czas\u00f3w Potopu szwedzkiego. Poniewa\u017c kardyna\u0142 Wyszy\u0144ski wci\u0105\u017c by\u0142 wi\u0119ziony, tekst \u015blub\u00f3w odczyta\u0142 bp Micha\u0142 Klepacz 26 sierpnia 1956 r., w obecno\u015bci blisko miliona pielgrzym\u00f3w, przyby\u0142ych na Jasn\u0105 G\u00f3r\u0119.<br \/>\nPo odzyskaniu wolno\u015bci prymas, w latach 1957 \u2013 1966 prowadzi\u0142 Wielk\u0105 Nowenn\u0119, kt\u00f3ra mia\u0142a przygotowa\u0107 nar\u00f3d na obchody Tysi\u0105clecia Chrztu Polski. Nowenna zako\u0144czy\u0142a si\u0119 3 maja 1966 r. Aktem Oddania Narodu Matce Bo\u017cej za wolno\u015b\u0107 Ko\u015bcio\u0142a w Polsce i na \u015bwiecie. Kardyna\u0142 Wyszy\u0144ski by\u0142 te\u017c jednym z inicjator\u00f3w s\u0142ynnego or\u0119dzia biskup\u00f3w polskich i biskup\u00f3w niemieckich, co spotka\u0142o si\u0119 z ostr\u0105 reakcj\u0105 w\u0142adz komunistycznych.<br \/>\nPozostawa\u0142 aktywnym uczestnikiem obrad Soboru Watyka\u0144skiego II, podczas kt\u00f3rego z\u0142o\u017cy\u0142 na r\u0119ce papie\u017ca Paw\u0142a VI memoria\u0142 Episkopatu Polski w sprawie og\u0142oszenia Maryi Matk\u0105 Ko\u015bcio\u0142a. Pro\u015bba ta zosta\u0142a spe\u0142niona 21 listopada 1964 r.\u00a0Wobec napi\u0119tej sytuacji polityczno \u2013 spo\u0142ecznej w naszym kraju prymas Wyszy\u0144ski podejmowa\u0142 starania maj\u0105ce na celu \u0142agodzenie konflikt\u00f3w na linii rz\u0105d \u2013 opozycja. W latach 1980 \u2013 1981 pe\u0142ni\u0142 rol\u0119 po\u015brednika w negocjacjach pomi\u0119dzy w\u0142adz\u0105, a \u201eSolidarno\u015bci\u0105\u201d.<\/p>\n<p style=\"text-align: justify;\">Prymas Polski Stefan kardyna\u0142 Wyszy\u0144ski zmar\u0142 28 maja 1981 r. w Warszawie, w uroczysto\u015b\u0107 Wniebowst\u0105pienia Pa\u0144skiego. Mia\u0142 80 lat, z kt\u00f3rych 57 prze\u017cy\u0142 jako kap\u0142an. Trumna z jego cia\u0142em spocz\u0119\u0142a w podziemiach katedry \u015bw. Jana w Warszawie, a\u00a0 pogrzeb sta\u0142 si\u0119 wielk\u0105 manifestacj\u0105 narodow\u0105.<\/p>\n<p style=\"text-align: justify;\">Przez dziesi\u0119ciolecia swojej pos\u0142ugi prymas Wyszy\u0144ski zdo\u0142a\u0142 przeprowadzi\u0107 polski Ko\u015bci\u00f3\u0142 przez niezwykle trudne dla jego funkcjonowania lata komunizmu. Najlepszym \u015bwiadectwem szacunku, na jaki zas\u0142uguje ta niezwyk\u0142a posta\u0107 jest ho\u0142d, jaki odda\u0142 jej Jan Pawe\u0142 II podczas inauguracji swojego pontyfikatu, 22 pa\u017adziernika 1978 r.: Nie by\u0142oby na stolicy tego Papie\u017ca \u2013 Polaka (&#8230;) gdyby nie by\u0142o Twojej wiary nie cofaj\u0105cej si\u0119 przed wi\u0119zieniem i cierpieniem, Twojej heroicznej nadziei, Twojego zawierzenia bez reszty Matce Ko\u015bcio\u0142a, gdyby nie by\u0142o Jasnej G\u00f3ry i tego ca\u0142ego okresu dziej\u00f3w Ko\u015bcio\u0142a w Ojczy\u017anie naszej, kt\u00f3ry jest zwi\u0105zany z Twoim biskupim i prymasowskim pos\u0142ugiwaniem.<\/p>\n<p style=\"text-align: justify;\">W uznaniu zas\u0142ug Sejm Rzeczypospolitej og\u0142osi\u0142 rok 2001 Rokiem Kardyna\u0142a Stefana Wyszy\u0144skiego. 6 lutego 2001 zako\u0144czony zosta\u0142 proces beatyfikacyjny. Dokumenty zebrane w ci\u0105gu 12 lat jego trwania przez Trybuna\u0142 Beatyfikacyjny zosta\u0142y przekazane do watyka\u0144skiej Kongregacji Spraw Kanonizacji.<\/p>\n<p style=\"text-align: justify;\">Od 2 pa\u017adziernika 2002 roku Szko\u0142a w D\u0105br\u00f3wce ma swojego patrona. Jest nim w\u0142a\u015bnie Prymas Tysi\u0105clecia \u2013 ks. Kardyna\u0142 Stefan Wyszy\u0144ski. Uroczysto\u015b\u0107 rozpocz\u0119\u0142a si\u0119 Msz\u0105 \u015bwi\u0119t\u0105 w ko\u015bciele parafialnym w Okulicach. G\u0142\u00f3wny celebrans bp tarnowski Jan Styrna dokona\u0142 po\u015bwi\u0119cenia sztandaru szko\u0142y.<\/p>\n<p style=\"text-align: justify;\">Po Mszy \u015bw. zaproszeni go\u015bcie i m\u0142odzie\u017c zebrali si\u0119 przed budynkiem szko\u0142y, gdzie W\u00f3jt Gminy Rzezawa Maria Bigas ods\u0142oni\u0142a tablic\u0119 pami\u0105tkow\u0105. Po oficjalnych uroczysto\u015bciach uczestnicy spotkania obejrzeli wyst\u0119py m\u0142odzie\u017cy, a tak\u017ce specjalnie przygotowan\u0105 wystaw\u0119 po\u015bwi\u0119con\u0105 szkole i jej nowemu patronowi.<\/p>\n<p style=\"text-align: justify;\">\n","protected":false},"excerpt":{"rendered":"<p>\u201eWszystko, co nas spotyka \u2013 zdrowie czy cierpienie, dobro czy z\u0142o, chleb czy g\u0142\u00f3d, przyja\u017a\u0144 ludzka czy niech\u0119\u0107, dobrobyt czy niedostatek \u2013 wszystko to w r\u0119ku Boga mo\u017ce dzia\u0142a\u0107 ku dobremu.\u201d \/Prymas kard. Stefan Wyszy\u0144ski\/ &nbsp; &nbsp; Stefan Wyszy\u0144ski, S\u0142uga Bo\u017cy urodzi\u0142 si\u0119 3 sierpnia 1901 r. w Zuzeli nad [&hellip;]<\/p>\n","protected":false},"author":1,"featured_media":0,"parent":0,"menu_order":0,"comment_status":"closed","ping_status":"closed","template":"","meta":{"ngg_post_thumbnail":0},"_links":{"self":[{"href":"https:\/\/zspdabrowka.pl\/spdabrowka\/wp-json\/wp\/v2\/pages\/25"}],"collection":[{"href":"https:\/\/zspdabrowka.pl\/spdabrowka\/wp-json\/wp\/v2\/pages"}],"about":[{"href":"https:\/\/zspdabrowka.pl\/spdabrowka\/wp-json\/wp\/v2\/types\/page"}],"author":[{"embeddable":true,"href":"https:\/\/zspdabrowka.pl\/spdabrowka\/wp-json\/wp\/v2\/users\/1"}],"replies":[{"embeddable":true,"href":"https:\/\/zspdabrowka.pl\/spdabrowka\/wp-json\/wp\/v2\/comments?post=25"}],"version-history":[{"count":4,"href":"https:\/\/zspdabrowka.pl\/spdabrowka\/wp-json\/wp\/v2\/pages\/25\/revisions"}],"predecessor-version":[{"id":358,"href":"https:\/\/zspdabrowka.pl\/spdabrowka\/wp-json\/wp\/v2\/pages\/25\/revisions\/358"}],"wp:attachment":[{"href":"https:\/\/zspdabrowka.pl\/spdabrowka\/wp-json\/wp\/v2\/media?parent=25"}],"curies":[{"name":"wp","href":"https:\/\/api.w.org\/{rel}","templated":true}]}}