{"id":20,"date":"2018-10-24T22:47:54","date_gmt":"2018-10-24T20:47:54","guid":{"rendered":"https:\/\/zspdabrowka.pl\/spdabrowka\/?page_id=20"},"modified":"2020-06-02T23:38:44","modified_gmt":"2020-06-02T21:38:44","slug":"dla-uczniow","status":"publish","type":"page","link":"https:\/\/zspdabrowka.pl\/spdabrowka\/dla-uczniow\/","title":{"rendered":"Dla uczni\u00f3w"},"content":{"rendered":"<p>Procedura bezpiecze\u0144stwa organizacji egzaminu \u00f3smoklasisty:<\/p>\n<p><a href=\"http:\/\/zspdabrowka.pl\/spdabrowka\/wp-content\/uploads\/2020\/06\/Za\u0142\u0105cznik-1.-Procedura-bezpiecze\u0144stwa-organizacji-egzaminu-\u00f3smoklasisty..doc\">Za\u0142\u0105cznik 1. Procedura bezpiecze\u0144stwa organizacji egzaminu \u00f3smoklasisty.<\/a><\/p>\n<p>&nbsp;<\/p>\n<p>Instrukcja dla uczni\u00f3w:<\/p>\n<p><a href=\"http:\/\/zspdabrowka.pl\/spdabrowka\/wp-content\/uploads\/2020\/06\/E8-2020-instrukcja-dla-ZN-2.doc\">E8 2020 &#8211; instrukcja dla ZN (2)<\/a><\/p>\n<p>&nbsp;<\/p>\n<p>Rekrutacja:<\/p>\n<p><a href=\"http:\/\/zspdabrowka.pl\/spdabrowka\/wp-content\/uploads\/2020\/06\/Rekrutacja..docx\">Rekrutacja.<\/a><\/p>\n<p>&nbsp;<\/p>\n<p>Terminy rekrutacji:<\/p>\n<p><a href=\"http:\/\/zspdabrowka.pl\/spdabrowka\/wp-content\/uploads\/2020\/06\/Terminy_post\u0119powania_rekrutacyjnego_2020-2021.docx\">Terminy_post\u0119powania_rekrutacyjnego_2020-2021<\/a><\/p>\n","protected":false},"excerpt":{"rendered":"<p>Procedura bezpiecze\u0144stwa organizacji egzaminu \u00f3smoklasisty: Za\u0142\u0105cznik 1. Procedura bezpiecze\u0144stwa organizacji egzaminu \u00f3smoklasisty. &nbsp; Instrukcja dla uczni\u00f3w: E8 2020 &#8211; instrukcja dla ZN (2) &nbsp; Rekrutacja: Rekrutacja. &nbsp; Terminy rekrutacji: Terminy_post\u0119powania_rekrutacyjnego_2020-2021<\/p>\n","protected":false},"author":1,"featured_media":0,"parent":0,"menu_order":0,"comment_status":"closed","ping_status":"closed","template":"","meta":{"ngg_post_thumbnail":0},"_links":{"self":[{"href":"https:\/\/zspdabrowka.pl\/spdabrowka\/wp-json\/wp\/v2\/pages\/20"}],"collection":[{"href":"https:\/\/zspdabrowka.pl\/spdabrowka\/wp-json\/wp\/v2\/pages"}],"about":[{"href":"https:\/\/zspdabrowka.pl\/spdabrowka\/wp-json\/wp\/v2\/types\/page"}],"author":[{"embeddable":true,"href":"https:\/\/zspdabrowka.pl\/spdabrowka\/wp-json\/wp\/v2\/users\/1"}],"replies":[{"embeddable":true,"href":"https:\/\/zspdabrowka.pl\/spdabrowka\/wp-json\/wp\/v2\/comments?post=20"}],"version-history":[{"count":4,"href":"https:\/\/zspdabrowka.pl\/spdabrowka\/wp-json\/wp\/v2\/pages\/20\/revisions"}],"predecessor-version":[{"id":2525,"href":"https:\/\/zspdabrowka.pl\/spdabrowka\/wp-json\/wp\/v2\/pages\/20\/revisions\/2525"}],"wp:attachment":[{"href":"https:\/\/zspdabrowka.pl\/spdabrowka\/wp-json\/wp\/v2\/media?parent=20"}],"curies":[{"name":"wp","href":"https:\/\/api.w.org\/{rel}","templated":true}]}}