{"id":1879,"date":"2020-04-14T14:01:06","date_gmt":"2020-04-14T12:01:06","guid":{"rendered":"https:\/\/zspdabrowka.pl\/spdabrowka\/?page_id=1879"},"modified":"2020-04-14T14:02:48","modified_gmt":"2020-04-14T12:02:48","slug":"oddzial_0_3_i_4_tydzien","status":"publish","type":"page","link":"https:\/\/zspdabrowka.pl\/spdabrowka\/oddzial_0_3_i_4_tydzien\/","title":{"rendered":"oddzial_0_3_i_4_tydzien"},"content":{"rendered":"<h5><a href=\"https:\/\/zspdabrowka.pl\/spdabrowka\/oddzial_0_1_i_2_tydzien\/\">I i II tydzie\u0144<\/a><\/h5>\n<p><strong>Propozycje zabaw i \u0107wicze\u0144 \u00a0dla dzieci 6 \u2013 letnich ,,0\u201d w dniach 30.03.2020- 03.04.2020.<\/strong><\/p>\n<p><strong>\u00a0<\/strong><\/p>\n<p>Temat : <strong>Wiosenne przebudzenie.<\/strong><\/p>\n<p><strong>\u00a0<\/strong><\/p>\n<p><strong>Poniedzia\u0142ek 30.03.2020 \u2013 ,,Kolory wiosny, powroty ptak\u00f3w\u201d<\/strong><\/p>\n<ol>\n<li>Spotkanie z Pani\u0105 Wiosn\u0105<\/li>\n<\/ol>\n<p>\u2013 pos\u0142uchaj wiersza ,,Wiosna i moda\u201d: za\u0142\u0105cznik nr 1<\/p>\n<p>\u2013 praca z ksi\u0105\u017ck\u0105 ,,Karty pracy cz.3\u201d- ksi\u0105\u017cka fioletowa str.52-54,60<\/p>\n<p>\u2013 \u00a0wykonaj \u00a0prac\u0119 plastyczn\u0105 ,,Pani Wiosna\u201d wed\u0142ug w\u0142asnego\u00a0 pomys\u0142u \u00a0dowoln\u0105 technik\u0105 (wyklejanie, wydzieranie, rysowanie) \u2013 dla ch\u0119tnych<\/p>\n<ol start=\"2\">\n<li>Zabawy z literk\u0105 \u0142,L<\/li>\n<\/ol>\n<p>\u2013 praca z ksi\u0105\u017ck\u0105 ,,Litery i liczby cz.2\u201d- ksi\u0105\u017cka zielona str.46 \u2013 48<\/p>\n<p>popro\u015b rodzica o pomoc w czytaniu, a potem pr\u00f3buj samodzielnie<\/p>\n<p>Na zako\u0144czenie wykonywanych \u0107wicze\u0144 mo\u017cesz pobawi\u0107 si\u0119 z piosenk\u0105<\/p>\n<p>,,Z wiosn\u0105\u201d <a href=\"https:\/\/www.youtube.com\/watch?v=MYQbYYVelR0\">https:\/\/www.youtube.com\/watch?v=MYQbYYVelR0<\/a><\/p>\n<p>&nbsp;<\/p>\n<p><strong>Wtorek 31.03.2020 \u2013\u00a0 ,,Wiosna wok\u00f3\u0142 nas\u201d<\/strong><\/p>\n<ol>\n<li>Zabawa matematyczna ,,Wiosna w\u015br\u00f3d nas\u201d<\/li>\n<\/ol>\n<p>\u2013 praca z ksi\u0105\u017ck\u0105 ,,Karty pracy cz.3\u201d ksi\u0105\u017cka fioletowa str.55<\/p>\n<p>\u2013 praca z ksi\u0105\u017ck\u0105 ,,Litery i liczby cz.2\u201d- ksi\u0105\u017cka zielona str.56,57<\/p>\n<p>\u2013 mo\u017cesz wykorzysta\u0107 kredki, jako liczmany<\/p>\n<ol start=\"2\">\n<li>,,Wiosenne kwiaty\u201d-<\/li>\n<\/ol>\n<p><strong>\u00a0\u00a0\u00a0 <\/strong>\u2013 praca z ksi\u0105\u017ck\u0105\u00a0 ,,Karty pracy cz.3\u201d \u2013 ksi\u0105\u017cka fioletowa str.57,58<\/p>\n<p>\u2013 pokoloruj rysunki kwiat\u00f3w naj\u0142adniej jak potrafisz str.59<\/p>\n<p>\u0106wiczenia grafomotoryczne -praca z ksi\u0105\u017ck\u0105 ,,Litery i liczby cz.2\u201d- ksi\u0105\u017cka zielona str.49<\/p>\n<p>\u2013 pr\u00f3buj napisa\u0107 literk\u0119 \u0142, l po \u015bladzie i wed\u0142ug wzoru<\/p>\n<p>&nbsp;<\/p>\n<p>Je\u017celi masz ochot\u0119 przypomnij sobie nasz\u0105 wsp\u00f3ln\u0105 zabaw\u0119 <a href=\"https:\/\/www.youtube.com\/watch?v=0HByXWgkMwk\">https:\/\/www.youtube.com\/watch?v=0HByXWgkMwk<\/a><\/p>\n<p>&nbsp;<\/p>\n<p><strong>\u015aroda 01.04.2020- 03.04.2020 \u2013 ,,Co \u017cyje wok\u00f3\u0142 nas? \u201d<\/strong><\/p>\n<p><strong>\u00a0<\/strong><\/p>\n<ol>\n<li>,,Kwiecie\u0144 plecie\u0144, bo przeplata troch\u0119 zimy, troch\u0119 lata\u201d<\/li>\n<\/ol>\n<p>\u2013 nazywamy obecny miesi\u0105c Kwiecie\u0144, \u00a0utrwalamy nazwy miesi\u0119cy,<\/p>\n<p>Dla ch\u0119tnych <a href=\"https:\/\/www.youtube.com\/watch?v=vF-f4pSW9zk\">https:\/\/www.youtube.com\/watch?v=vF-f4pSW9zk<\/a><\/p>\n<ol start=\"2\">\n<li>,,W \u015bwiecie \u017cab\u201d<\/li>\n<\/ol>\n<p>\u2013 praca z ksi\u0105\u017ck\u0105 ,,Karty pracy cz.3\u201d \u2013 ksi\u0105\u017cka fioletowa<\/p>\n<p>\u2013 opowiedz, jak rozwija si\u0119 \u017caba, doko\u0144cz rysowanie \u017caby wg. wzoru str.56<\/p>\n<p>\u2013 policz \u017caby, odszukaj dwie pary takich samych i pokoloruj je starannie str.70<\/p>\n<p>Dla ch\u0119tnych <a href=\"https:\/\/www.youtube.com\/watch?v=gfKhRnQu-PU\">https:\/\/www.youtube.com\/watch?v=gfKhRnQu-PU<\/a><\/p>\n<p>&nbsp;<\/p>\n<ol start=\"3\">\n<li>Praca plastyczna ,,Motyl\u201d<\/li>\n<\/ol>\n<p>\u2013 wyprawka plastyczna\u201d karta pracy 19<\/p>\n<p>\u2013 pokoloruj motyla a nast\u0119pnie wytnij i sklej wed\u0142ug wzoru, mo\u017cesz ozdobi\u0107 nim sw\u00f3j \u00a0\u00a0\u00a0\u00a0\u00a0\u00a0\u00a0pok\u00f3j<\/p>\n<p><strong>\u00a0\u00a0 <\/strong>\u2013 \u0107wiczenia grafomotoryczne \u2013 praca z ksi\u0105\u017ck\u0105 ,,Karty pracy cz.3- ksi\u0105\u017cka fioletowa str.61<\/p>\n<p>(dla ch\u0119tnych)<\/p>\n<p>&nbsp;<\/p>\n<p><strong>Czwartek 02.04.2020 -,,Powroty ptak\u00f3w\u201d<\/strong><\/p>\n<ol>\n<li>Pos\u0142uchaj opowiadania ,,Gdzie budowa\u0107 gniazdo?\u201d: za\u0142\u0105cznik nr 2<\/li>\n<\/ol>\n<p><strong>\u00a0<\/strong>\u2013 praca z ksi\u0105\u017ck\u0105 ,,Karty pracy cz.3\u201d \u2013 ksi\u0105\u017cka fioletowa str.62,64<\/p>\n<ol start=\"2\">\n<li>Zabawy czytelnicze z literk\u0105 j,J<\/li>\n<\/ol>\n<p>\u2013 praca z ksi\u0105\u017ck\u0105 ,,Litery i liczby cz.2\u201d- ksi\u0105\u017cka zielona str.52,53<\/p>\n<p>\u2013 rozwi\u0105\u017c krzy\u017c\u00f3wk\u0119 str.54<\/p>\n<p>&nbsp;<\/p>\n<p>Dla ch\u0119tnych \u2013 wywiad z bocianem <a href=\"https:\/\/www.youtube.com\/watch?v=PMUUm7Xx-Fw\">https:\/\/www.youtube.com\/watch?v=PMUUm7Xx-Fw<\/a><\/p>\n<p>&nbsp;<\/p>\n<p><strong>Pi\u0105tek 03.04.2020 \u2013 ,, <\/strong><\/p>\n<ol>\n<li>Przygoda wr\u00f3belka.<\/li>\n<\/ol>\n<p>\u2013 wyprawka plastyczna Karta D ,,Ma\u0142y wr\u00f3bel\u201d<\/p>\n<p>\u2013 wytnij obrazki, opowiedz co si\u0119 na nich dzieje i u\u0142\u00f3\u017c we w\u0142a\u015bciwej kolejno\u015bci\u00a0 zdarze\u0144, przyklejaj\u0105c na\u00a0 kartce<\/p>\n<ol start=\"2\">\n<li>Ptaki wiosn\u0105.<\/li>\n<\/ol>\n<p><strong>\u00a0\u00a0 <\/strong>\u00a0\u00a0\u2013 praca z ksi\u0105\u017ck\u0105 ,,Karty pracy cz.3\u201d- ksi\u0105\u017cka fioletowa str.65,66, 71<\/p>\n<p>&nbsp;<\/p>\n<p><u>Dla ch\u0119tnych.<\/u><\/p>\n<p>Mo\u017cesz ulepi\u0107 \u00a0z plasteliny, masy solnej lub innego materia\u0142u wybranego ptaka.<\/p>\n<p>&nbsp;<\/p>\n<p>Praca plastyczna ,,Pani Wiosna\u201d ( udost\u0119pnione przez Pa\u0144stwa zdj\u0119cia) b\u0119d\u0105 kolejnym dzia\u0142aniem w ramach realizowanego projektu <strong>,,Pi\u0119kna nasza Polska ca\u0142a\u201d.<\/strong><\/p>\n<p>&nbsp;<\/p>\n<p>&nbsp;<\/p>\n<p>Przedstawione powy\u017cej \u0107wiczenia, prace plastyczne, dzia\u0142ania s\u0105 propozycjami.<\/p>\n<p>Pa\u0144stwo wybieracie wed\u0142ug mo\u017cliwo\u015bci swoich (praca zawodowa) oraz swojego dziecka.<\/p>\n<p>&nbsp;<\/p>\n<p>S\u0142uchanie wiersza Bo\u017ceny G\u0142odkowskiej <em>Wiosna i moda<\/em>.<\/p>\n<p><em>Pod koniec zimy wiosna<\/em><\/p>\n<p><em>wyj\u0119\u0142a \u017curnali stosik.<\/em><\/p>\n<p><em>\u2013 W co mam si\u0119 ubra\u0107? \u2013 duma\u0142a<\/em><\/p>\n<p><em>\u2013 co w tym sezonie si\u0119 nosi?<\/em><\/p>\n<p><em>\u00a0<\/em><\/p>\n<p><em>Za\u0142o\u017cy\u0107 sukienk\u0119 w kropki?<\/em><\/p>\n<p><em>A mo\u017ce golf? No i spodnie?<\/em><\/p>\n<p><em>Co wybra\u0107, by by\u0107 na czasie<\/em><\/p>\n<p><em>i nie wygl\u0105da\u0107 niemodnie?<\/em><\/p>\n<p><em>\u00a0<\/em><\/p>\n<p><em>Torebk\u0119 wzi\u0105\u0107 czy koszyczek?<\/em><\/p>\n<p><em>Na szyj\u0119 apaszk\u0119 cienk\u0105,<\/em><\/p>\n<p><em>na g\u0142ow\u0119 \u2013 kapelusz z pi\u00f3rkiem<\/em><\/p>\n<p><em>czy lepiej beret z antenk\u0105?<\/em><\/p>\n<p><em>\u00a0<\/em><\/p>\n<p><em>(W tym czasie\u2026 \u2013 Gdzie\u017c ta wiosna?<\/em><\/p>\n<p><em>\u2013 pytali wszyscy wok\u00f3\u0142.<\/em><\/p>\n<p><em>\u2013 Zaspa\u0142a? Zapomnia\u0142a?<\/em><\/p>\n<p><em>Nie b\u0119dzie jej w tym roku?)<\/em><\/p>\n<p><em>\u00a0<\/em><\/p>\n<p><em>I przysz\u0142a w zielonych rajstopach,<\/em><\/p>\n<p><em>w powiewnej z\u0142ocistej sukience<\/em><\/p>\n<p><em>i mia\u0142a wianek z pierwiosnk\u00f3w,<\/em><\/p>\n<p><em>a w r\u0119ce trzyma\u0142a kacze\u0144ce.<\/em><\/p>\n<p><em>\u00a0<\/em><\/p>\n<p><em>Pachnia\u0142a jak sklep z perfumami \u2013<\/em><\/p>\n<p><em>wszak by\u0142a calutka w kwiatach,<\/em><\/p>\n<p><em>sypa\u0142a p\u0142atkami jak deszczem \u2013<\/em><\/p>\n<p><em>\u00a0<\/em><\/p>\n<p>Rozmowa na temat wiersza.<\/p>\n<p><em>\u2212 Jaki problem mia\u0142a wiosna?<\/em><\/p>\n<p><em>\u2212 W co postanowi\u0142a si\u0119 ubra\u0107?<\/em><\/p>\n<p><em>\u2212 Jak wygl\u0105da\u0142a?<\/em><\/p>\n<p>&nbsp;<\/p>\n<p>Opowiadanie H. Zdzitowieckiej <em>Gdzie budowa\u0107 gniazdo?<\/em><\/p>\n<p><em>\u2013 Nie ma to jak g\u0142\u0119boka dziupla! Trudno o lepsze i bezpieczniejsze mieszkanie dla dzieci \u2013<\/em><\/p>\n<p><em>powiedzia\u0142 dzi\u0119cio\u0142.<\/em><\/p>\n<p><em>\u2013 Kto to widzia\u0142, \u017ceby chowa\u0107 dzieci w mroku, bez odrobiny s\u0142o\u0144ca \u2013 oburzy\u0142 si\u0119 skowronek.<\/em><\/p>\n<p><em>\u2013 O, nie! Gniazdko powinno by\u0107 us\u0142ane na ziemi, w bru\u017adzie, pomi\u0119dzy zielonym, m\u0142odym zbo\u017cem.<\/em><\/p>\n<p><em>Tu dzieci znajd\u0105 od razu po\u017cywienie, tu skryj\u0105 si\u0119 w g\u0105szczu\u2026<\/em><\/p>\n<p><em>\u2013 Gniazdo nie mo\u017ce by\u0107 zrobione z kilku trawek. Powinno by\u0107 ulepione porz\u0105dnie z gliny,<\/em><\/p>\n<p><em>pod okapem, \u017ceby deszcz dzieci nie zmoczy\u0142. O, na przyk\u0142ad nad wrotami stajni czy obory \u2013<\/em><\/p>\n<p><em>\u015bwiergota\u0142a jask\u00f3\u0142ka.<\/em><\/p>\n<p><em>\u2013 Sit, sit \u2013 powiedzia\u0142 cichutko remiz. \u2013 Nie zgadzam si\u0119 z wami. Gniazdko w dziupli? Na<\/em><\/p>\n<p><em>ziemi? Z twardej gliny i przylepione na \u015bcianie? O, nie! Sp\u00f3jrzcie na moje gniazdko utkane z najdelikatniejszych puch\u00f3w i zawieszone na wiotkich ga\u0142\u0105zkach nad wod\u0105! Najl\u017cejszy wiaterek<\/em><\/p>\n<p><em>buja nim jak ko\u0142ysk\u0105\u2026<\/em><\/p>\n<p><em>\u2013 \u0106wirk! Nie rozumiem waszych k\u0142\u00f3tni \u2013 za\u0107wierka\u0142 stary wr\u00f3bel.<\/em><\/p>\n<p><em>\u2013 Ten uwa\u017ca, \u017ce najbezpieczniej w dziupli, tamtemu w bru\u017adzie \u0142atwo szuka\u0107 ukrytych<\/em><\/p>\n<p><em>w ziemi owad\u00f3w. Ba, s\u0105 nawet ptaki buduj\u0105ce gniazda tylko w norkach, w ziemi albo wprost<\/em><\/p>\n<p><em>na wodzie\u2026 Ja tam nie jestem wybredny w wyborze miejsca na gniazdo. Mia\u0142em ju\u017c ich wiele<\/em><\/p>\n<p><em>w swoim \u017cyciu. Jedno zbudowa\u0142em ze s\u0142omy na starej lipie, drugie \u2013 pod rynn\u0105, trzecie\u2026 hm\u2026<\/em><\/p>\n<p><em>trzecie po prostu zaj\u0105\u0142em jask\u00f3\u0142kom, a czwarte \u2013 szpakom. Owszem, dobrze si\u0119 czu\u0142em w ich<\/em><\/p>\n<p><em>budce, tylko mnie stamt\u0105d wyproszono do\u015b\u0107 niegrzecznie. Obrazi\u0142em si\u0119 wi\u0119c i teraz mieszkam<\/em><\/p>\n<p><em>k\u0105tem u bociana. W ga\u0142\u0119ziach, kt\u00f3re poznosi\u0142 na gniazdo, miejsca mam dosy\u0107, a oboje bocianostwo<\/em><\/p>\n<p><em>nie \u017ca\u0142uj\u0105 mi tego k\u0105cika.<\/em><\/p>\n<ul>\n<li>\u2022 Rozmowa na temat opowiadania.<\/li>\n<\/ul>\n<p>\u2212<em>\u2212 Kt\u00f3re ptaki rozmawia\u0142y o gniazdach?<\/em><\/p>\n<p>\u2212<em>\u2212 Jakie gniazdo zachwala\u0142 dzi\u0119cio\u0142, a jakie skowronek?<\/em><\/p>\n<p>\u2212<em>\u2212 Jakie gniazdo zachwala\u0142a jask\u00f3\u0142ka, a jakie remiz?<\/em><\/p>\n<p>\u2212<em>\u2212 Co powiedzia\u0142 wr\u00f3bel na temat gniazd?<\/em><\/p>\n<p>\u2212<em>\u2212 Z czego ptaki robi\u0105 gniazda?<\/em><\/p>\n<p>&nbsp;<\/p>\n<h2><strong>Propozycje zabaw i zaj\u0119\u0107 dla dzieci 6 \u2013 letnich ,,0\u201d w dniach 06.04.2020- 10.04.2020.<\/strong><\/h2>\n<p>Temat: <strong>,,Wiosenne przebudzenie\u201d cd.<\/strong><\/p>\n<p><strong>Poniedzia\u0142ek\u00a0 06.04.20: ,,Ptaki wok\u00f3\u0142 nas\u201d<\/strong><\/p>\n<p><strong>1.<\/strong>Spotkanie z wilg\u0105 z\u0142ocist\u0105.<\/p>\n<p>\u2013 praca z ksi\u0105\u017ck\u0105 , ,,Karty pracy cz.3\u201d- ksi\u0105\u017cka fioletowa str.63<\/p>\n<p>opowiedz historyjk\u0119 obrazkow\u0105 ,,Weso\u0142a wilga\u201d,<\/p>\n<p>a nast\u0119pnie\u00a0 wykonaj wilg\u0119 zgodnie z instrukcj\u0105,<\/p>\n<p>\u2013 wyprawka plastyczna, karta pracy nr. 18,<\/p>\n<p>to kolejny wiosenny element do Twojego pokoju<\/p>\n<p>Dla ch\u0119tnych \u2013 sprawd\u017a co ju\u017c wiesz i\u00a0 potrafisz \u2013<a href=\"https:\/\/www.youtube.com\/watch?v=vlXQqg1T07s\">https:\/\/www.youtube.com\/watch?v=vlXQqg1T07s<\/a><\/p>\n<ol start=\"2\">\n<li>Rozwi\u0105zywanie zagadek o ptakach<strong>, <\/strong>wzbogacanie wiadomo\u015b\u0107 o zwyczajach ptak\u00f3w wiosn\u0105 popro\u015b rodzic\u00f3w o przeczytanie zagadek ( zagadki poni\u017cej) i rozwi\u0105\u017c je. Wi\u0119cej zagadek lub\u00a0\u00a0\u00a0\u00a0\u00a0\u00a0\u00a0\u00a0\u00a0\u00a0\u00a0\u00a0\u00a0\u00a0\u00a0\u00a0\u00a0\u00a0\u00a0\u00a0\u00a0\u00a0 podanym linku, mo\u017cesz sprawdzi\u0107 ile znasz ptak\u00f3w.<\/li>\n<\/ol>\n<p><a href=\"https:\/\/miastodzieci.pl\/zagadki\/zagadki-dla-dzieci-o-ptakach\/\"><strong>https:\/\/miastodzieci.pl\/zagadki\/zagadki-dla-dzieci-o-ptakach\/<\/strong><\/a><\/p>\n<p>\u2013 praca z ksi\u0105\u017ck\u0105 , ,,Karty pracy cz.3\u201d- ksi\u0105\u017cka fioletowa str.67-69<\/p>\n<p>\u2013 praca z ksi\u0105\u017ck\u0105 ,,Litery i liczby cz.2\u201d- ksi\u0105\u017cka zielona str.54<\/p>\n<p>napisz po \u015bladzie literk\u0119 j, J ;\u00a0 pr\u00f3buj\u00a0 pisa\u0107 samodzielnie<\/p>\n<p>Zabawa ruchowa ,, G\u0142owa ramiona\u201d\u2013 <a href=\"https:\/\/www.youtube.com\/watch?v=l-P0PfiZp9E\">https:\/\/www.youtube.com\/watch?v=l-P0PfiZp9E<\/a><\/p>\n<p>&nbsp;<\/p>\n<p>Temat : <strong>Wielkanoc<\/strong><\/p>\n<p><strong>Wtorek 07.04.20:,,Wkr\u00f3tce \u015bwi\u0119ta\u201d<\/strong><\/p>\n<p><strong>1.<\/strong>S\u0142uchanie opowiadania ,,Gipsowe pisanki\u201d (opowiadanie w za\u0142\u0105czniku nr 1)<\/p>\n<p>praca z ksi\u0105\u017ck\u0105 ,,Nowe przygody Olka i Ady- ksi\u0105\u017cka w polne kwiaty\u201d str. 58-61 (s\u0142uchaj\u0105c mo\u017cesz patrzy\u0107 na ilustracje w ksi\u0105\u017cce ), \u00a0pos\u0142uchaj i \u00a0opowiedz,<\/p>\n<p>\u2013 praca z ksi\u0105\u017ck\u0105 , ,,Karty pracy cz.3\u201d- ksi\u0105\u017cka fioletowa str.73,77<\/p>\n<p>narysuj po \u015bladach wzory na pisankach, pokoloruj koszyczek wg. kodu barw<\/p>\n<ol start=\"2\">\n<li>Zabawa czytelnicza z literk\u0105 f,F<\/li>\n<\/ol>\n<p>\u2013 praca z ksi\u0105\u017ck\u0105 ,,Litery i liczby cz.2\u201d- ksi\u0105\u017cka zielona str.58,59<\/p>\n<p>odszukaj liter\u0119 f, F; popro\u015b rodzica o pomoc w czytaniu, a potem pr\u00f3buj samodzielnie<\/p>\n<p>\u2013 uzupe\u0142nij luki\u00a0 odpowiednimi literami<\/p>\n<p>Zabawa ruchowa ,,Prawa \u2013lewa\u201d <a href=\"https:\/\/www.youtube.com\/watch?v=mO03jLcA2XM\">https:\/\/www.youtube.com\/watch?v=mO03jLcA2XM<\/a><\/p>\n<p>&nbsp;<\/p>\n<p><strong>\u015aroda: 08.04.20 ,,Liczenie pisanek\u201d<\/strong><\/p>\n<ol>\n<li>,,Pisanki\u201d \u2013 przeliczanie i dodawanie w zakresie 10<\/li>\n<\/ol>\n<p>\u2013\u00a0 praca z ksi\u0105\u017ck\u0105 , ,,Karty pracy cz.3\u201d- ksi\u0105\u017cka fioletowa str.74<\/p>\n<p>przyjrzyj si\u0119 obrazkowi i przedstaw sytuacje za pomoc\u0105 liczman\u00f3w np. kredek<\/p>\n<p>\u2013\u00a0 praca z ksi\u0105\u017ck\u0105 ,,Litery i liczby cz.2\u201d- ksi\u0105\u017cka zielona str.62,63<\/p>\n<p>policz i por\u00f3wnaj, wykonaj dzia\u0142ania, popro\u015b o pomoc rodzic\u00f3w<\/p>\n<p>&nbsp;<\/p>\n<p><strong>2<\/strong>.Pos\u0142uchanie piosenki ,,Pisanki, kraszanki, skarby wielkanocne\u201d<\/p>\n<p><a href=\"https:\/\/www.youtube.com\/watch?v=qKY9oeELKn4\"><strong>https:\/\/www.youtube.com\/watch?v=qKY9oeELKn4<\/strong><\/a><strong>\u00a0\u00a0 <\/strong><\/p>\n<p>\u2013 opowiedz o czym jest ta piosenka<\/p>\n<p>\u2013 je\u017celi masz ochot\u0119, mo\u017cesz\u00a0 pr\u00f3bowa\u0107 \u00a0wsp\u00f3lnie \u015bpiewa\u0107<\/p>\n<p>\u2013 ,,Wyprawka plastyczna\u201d \u2013 karta pracy K<\/p>\n<p>pokoloruj starannie koszyczek wielkanocny,<\/p>\n<p>\u2013 popro\u015b rodzica o przeczytanie co symbolizuj\u0105 dary w koszyczku (za\u0142\u0105cznik nr 2)<\/p>\n<p>&nbsp;<\/p>\n<p><strong>Czwartek 09.04.20 ,,Wok\u00f3\u0142 jajka\u201d<\/strong><\/p>\n<p><strong>1.<\/strong>Zabawa badawcza ,,Co wiemy o jajku? \u201d (propozycje w za\u0142\u0105czniku nr3)<\/p>\n<p>\u2013 zapro\u015b rodzic\u00f3w do wsp\u00f3lnej zabawy<\/p>\n<p><a href=\"https:\/\/www.mamawdomu.pl\/2016\/03\/eksperymenty-z-jajem-czyli-7-pomyslow-na-doswiadczenia-z-dziecmi.html\"><strong>https:\/\/www.mamawdomu.pl\/2016\/03\/eksperymenty-z-jajem-czyli-7-pomyslow-na-doswiadczenia-z-dziecmi.html<\/strong><\/a><\/p>\n<p>\u2013 wyprawka plastyczna karta z pisank\u0105 bez numeru, \u00a0\u00a0pomaluj pisank\u0119 wod\u0105 a zobaczysz,<\/p>\n<p>jaki efekt otrzymasz.<\/p>\n<p><strong>\u00a0<\/strong><\/p>\n<ol start=\"2\">\n<li>,,Wielkanocny koszyczek \u2018\u2019<\/li>\n<\/ol>\n<p>\u2013 praca z ksi\u0105\u017ck\u0105, ,,Karty pracy cz.3\u201d- ksi\u0105\u017cka fioletowa str.75,76<\/p>\n<p>pomy\u015bl i ustal kolejno\u015b\u0107 zdarze\u0144, oraz etapy przygotowywania koszyczka wielkanocnego<\/p>\n<p>-,,Wyprawka plastyczna\u201d karta pracy 3 wykonaj koszyczek\u00a0 wg. wzoru<\/p>\n<p>do koszyczka mo\u017cesz wykona\u0107 wielkanocn\u0105 pisank\u0119 wed\u0142ug w\u0142asnego pomys\u0142u,<\/p>\n<p>gdy j\u0105 wykonasz, popro\u015b aby rodzice zrobili zd\u0119cie i umie\u015bcili na naszej grupie.<\/p>\n<p>Je\u017celi wykonasz inne \u015bwi\u0105teczne ozdoby, r\u00f3wnie\u017c poka\u017c kolegom i kole\u017cankom z grupy.<\/p>\n<p>&nbsp;<\/p>\n<p><strong>Pi\u0105tek 10.04.20. ,,Wielkanocny st\u00f3\u0142\u201d<\/strong><\/p>\n<p><strong>1.<\/strong>Ogl\u0105danie prezentacji ,,Zwyczaje wielkanocne\u201d<\/p>\n<p>\u2013 pos\u0142uchaj, o niekt\u00f3rych zwyczajach i tradycjach\u00a0 wielkanocnych.<\/p>\n<p><a href=\"https:\/\/www.youtube.com\/watch?v=r-to1UXYMUA\">https:\/\/www.youtube.com\/watch?v=r-to1UXYMUA<\/a><\/p>\n<p>\u2013 praca z ksi\u0105\u017ck\u0105 ,,Karty pracy cz.3\u201d- ksi\u0105\u017cka fioletowa str.72,78, 80<\/p>\n<p>spr\u00f3buj przeczyta\u0107 i po\u0142\u0105czy\u0107 wyraz z obrazkiem, rysuj dok\u0142adnie po \u015bladach<\/p>\n<p>&nbsp;<\/p>\n<ol start=\"2\">\n<li>Zaj\u0119cia ruchowe<\/li>\n<\/ol>\n<p>B\u0119d\u0105c w szkole mieli\u015bmy \u0107wiczenia gimnastyczne. Je\u017celi masz ochot\u0119\u00a0 po\u0107wicz w domu-<\/p>\n<p>ruch to zdrowie. ,,Ma\u0142y sportowiec w domu\u201d<\/p>\n<p><a href=\"https:\/\/www.youtube.com\/watch?v=vkwzFVN2Bds\">https:\/\/www.youtube.com\/watch?v=vkwzFVN2Bds<\/a><\/p>\n<p>\u2013 praca z ksi\u0105\u017ck\u0105 ,,Karty pracy cz.3\u201d- ksi\u0105\u017cka fioletowa str.79,80 (dla ch\u0119tnych)<\/p>\n<p>&nbsp;<\/p>\n<p><strong>Domowe przedszkole \u2013\u00a0 Wielkanoc.<\/strong> Je\u017celi masz ochot\u0119 mo\u017cesz obejrze\u0107 program<\/p>\n<p>o zwyczajach wielkanocnych. <a href=\"https:\/\/www.youtube.com\/watch?v=bKTM6B04vDY\">https:\/\/www.youtube.com\/watch?v=bKTM6B04vDY<\/a><\/p>\n<p>&nbsp;<\/p>\n<p>&nbsp;<\/p>\n<p>Propozycje dodatkowe zwi\u0105zane z tematem:<\/p>\n<p><a href=\"https:\/\/www.youtube.com\/watch?v=8e4CkgC601U\">https:\/\/www.youtube.com\/watch?v=8e4CkgC601U<\/a><\/p>\n<p><a href=\"https:\/\/www.lulek.tv\/\">https:\/\/www.lulek.tv\/<\/a><\/p>\n<p><a href=\"https:\/\/miastodzieci.pl\/zagadki\/zagadki-dla-dzieci-o-ptakach\/\"><strong>https:\/\/miastodzieci.pl\/zagadki\/zagadki-dla-dzieci-o-ptakach\/<\/strong><\/a><\/p>\n<p><a href=\"https:\/\/www.youtube.com\/watch?v=84MQP7KNC2g\">https:\/\/www.youtube.com\/watch?v=84MQP7KNC2g<\/a><\/p>\n<p><a href=\"https:\/\/www.youtube.com\/watch?v=-dv7uiV91Ek\">https:\/\/www.youtube.com\/watch?v=-dv7uiV91Ek<\/a><\/p>\n<p>&nbsp;<\/p>\n<p><strong>Zagadki do wykorzystania.<\/strong><\/p>\n<p><em>Pi\u00f3ra bia\u0142o-czarne,<\/em><\/p>\n<p><em>buciki czerwone;<\/em><\/p>\n<p><em>uciekaj\u0105 przed nim \u017cabki,<\/em><\/p>\n<p><em>bardzo przestraszone.<\/em><\/p>\n<p>(bocian)<\/p>\n<p>&nbsp;<\/p>\n<p><em>Wiosn\u0105 do nas przylecia\u0142a<\/em><\/p>\n<p><em>ta ptaszyna czarna, ma\u0142a.<\/em><\/p>\n<p><em>Murowa\u0107 si\u0119 nie uczy\u0142a,<\/em><\/p>\n<p><em>ale gniazdko ulepi\u0142a.<\/em><\/p>\n<p>(jask\u00f3\u0142ka)<\/p>\n<p>&nbsp;<\/p>\n<p><em>Ju\u017c po lesie kuka,<\/em><\/p>\n<p><em>gniazdka sobie szuka.<\/em><\/p>\n<p><em>Jak znajdzie, podrzuca jaja,<\/em><\/p>\n<p><em>niech inni je wygrzewaj\u0105.<\/em><\/p>\n<p>(kuku\u0142ka)<\/p>\n<p>&nbsp;<\/p>\n<p><em>\u015apiewa wysoko<\/em><\/p>\n<p><em>piosenki do s\u0142onka,<\/em><\/p>\n<p><em>g\u0142os ma podobny<\/em><\/p>\n<p><em>do dr\u017cenia dzwonka.<\/em><\/p>\n<p>(skowronek)<\/p>\n<p>&nbsp;<\/p>\n<p><a href=\"http:\/\/zspdabrowka.pl\/spdabrowka\/wp-content\/uploads\/2020\/04\/Ciekawostki-na-temat-zwyczaj\u00f3w-i-tradycji-wielkanocnych.docx\">Ciekawostki na temat zwyczaj\u00f3w i tradycji wielkanocnych<\/a><\/p>\n<p><a href=\"http:\/\/zspdabrowka.pl\/spdabrowka\/wp-content\/uploads\/2020\/04\/Opowiadanie-Gipsowe-pisanki.docx\">Opowiadanie Gipsowe pisanki<\/a><\/p>\n<p><a href=\"http:\/\/zspdabrowka.pl\/spdabrowka\/wp-content\/uploads\/2020\/04\/zabawy-badawcze-z-jajkiem.docx\">zabawy badawcze z jajkiem<\/a><\/p>\n","protected":false},"excerpt":{"rendered":"<p>I i II tydzie\u0144 Propozycje zabaw i \u0107wicze\u0144 \u00a0dla dzieci 6 \u2013 letnich ,,0\u201d w dniach 30.03.2020- 03.04.2020. \u00a0 Temat : Wiosenne przebudzenie. \u00a0 Poniedzia\u0142ek 30.03.2020 \u2013 ,,Kolory wiosny, powroty ptak\u00f3w\u201d Spotkanie z Pani\u0105 Wiosn\u0105 \u2013 pos\u0142uchaj wiersza ,,Wiosna i moda\u201d: za\u0142\u0105cznik nr 1 \u2013 praca z ksi\u0105\u017ck\u0105 ,,Karty pracy [&hellip;]<\/p>\n","protected":false},"author":1,"featured_media":0,"parent":0,"menu_order":0,"comment_status":"closed","ping_status":"closed","template":"","meta":{"ngg_post_thumbnail":0},"_links":{"self":[{"href":"https:\/\/zspdabrowka.pl\/spdabrowka\/wp-json\/wp\/v2\/pages\/1879"}],"collection":[{"href":"https:\/\/zspdabrowka.pl\/spdabrowka\/wp-json\/wp\/v2\/pages"}],"about":[{"href":"https:\/\/zspdabrowka.pl\/spdabrowka\/wp-json\/wp\/v2\/types\/page"}],"author":[{"embeddable":true,"href":"https:\/\/zspdabrowka.pl\/spdabrowka\/wp-json\/wp\/v2\/users\/1"}],"replies":[{"embeddable":true,"href":"https:\/\/zspdabrowka.pl\/spdabrowka\/wp-json\/wp\/v2\/comments?post=1879"}],"version-history":[{"count":3,"href":"https:\/\/zspdabrowka.pl\/spdabrowka\/wp-json\/wp\/v2\/pages\/1879\/revisions"}],"predecessor-version":[{"id":1882,"href":"https:\/\/zspdabrowka.pl\/spdabrowka\/wp-json\/wp\/v2\/pages\/1879\/revisions\/1882"}],"wp:attachment":[{"href":"https:\/\/zspdabrowka.pl\/spdabrowka\/wp-json\/wp\/v2\/media?parent=1879"}],"curies":[{"name":"wp","href":"https:\/\/api.w.org\/{rel}","templated":true}]}}