{"id":101,"date":"2018-10-24T23:01:03","date_gmt":"2018-10-24T21:01:03","guid":{"rendered":"https:\/\/zspdabrowka.pl\/spdabrowka\/?page_id=101"},"modified":"2024-12-12T08:33:59","modified_gmt":"2024-12-12T07:33:59","slug":"samorzad","status":"publish","type":"page","link":"https:\/\/zspdabrowka.pl\/spdabrowka\/samorzad\/","title":{"rendered":"Samorz\u0105d"},"content":{"rendered":"<p style=\"text-align: center;\"><span style=\"color: #00ccff;\"><strong>SAMORZ\u0104D UCZNIOWSKI<\/strong><\/span><\/p>\n<p style=\"text-align: center;\"><span style=\"color: #339966;\"><strong>Przewodnicz\u0105cy: <\/strong><span style=\"color: #000000;\">Kamil Stawiarski<br \/>\n<\/span><\/span><\/p>\n<p style=\"text-align: center;\"><span style=\"color: #800080;\"><strong>Zast\u0119pca: <\/strong><span style=\"color: #000000;\">Lilianna Sadowska<br \/>\n<\/span><\/span><\/p>\n<p style=\"text-align: center;\"><span style=\"color: #ff6600;\"><strong>Sekretarz: <\/strong><span style=\"color: #000000;\">Zuzanna Rudnik<br \/>\n<\/span><\/span><\/p>\n<p style=\"text-align: center;\">Skarbnik: Oskar Paruch<\/p>\n<p style=\"text-align: center;\"><u>&nbsp;<\/u><\/p>\n","protected":false},"excerpt":{"rendered":"<p>SAMORZ\u0104D UCZNIOWSKI Przewodnicz\u0105cy: Kamil Stawiarski Zast\u0119pca: Lilianna Sadowska Sekretarz: Zuzanna Rudnik Skarbnik: Oskar Paruch &nbsp;<\/p>\n","protected":false},"author":1,"featured_media":0,"parent":0,"menu_order":0,"comment_status":"closed","ping_status":"closed","template":"","meta":{"ngg_post_thumbnail":0},"_links":{"self":[{"href":"https:\/\/zspdabrowka.pl\/spdabrowka\/wp-json\/wp\/v2\/pages\/101"}],"collection":[{"href":"https:\/\/zspdabrowka.pl\/spdabrowka\/wp-json\/wp\/v2\/pages"}],"about":[{"href":"https:\/\/zspdabrowka.pl\/spdabrowka\/wp-json\/wp\/v2\/types\/page"}],"author":[{"embeddable":true,"href":"https:\/\/zspdabrowka.pl\/spdabrowka\/wp-json\/wp\/v2\/users\/1"}],"replies":[{"embeddable":true,"href":"https:\/\/zspdabrowka.pl\/spdabrowka\/wp-json\/wp\/v2\/comments?post=101"}],"version-history":[{"count":8,"href":"https:\/\/zspdabrowka.pl\/spdabrowka\/wp-json\/wp\/v2\/pages\/101\/revisions"}],"predecessor-version":[{"id":6289,"href":"https:\/\/zspdabrowka.pl\/spdabrowka\/wp-json\/wp\/v2\/pages\/101\/revisions\/6289"}],"wp:attachment":[{"href":"https:\/\/zspdabrowka.pl\/spdabrowka\/wp-json\/wp\/v2\/media?parent=101"}],"curies":[{"name":"wp","href":"https:\/\/api.w.org\/{rel}","templated":true}]}}